(47 - -3). What is the greatest common divisor of z and 7?
7
Let p(q) = 4*q**2 + 16*q + 86. Let t be p(-6). What is the greatest common divisor of 2 and t?
2
Suppose -2*m - 6 = 4*x - 2, 5*m + 4*x - 20 = 0. What is the greatest common factor of 6 and m?
2
Suppose 0 = -5*s + s + 52. Let r(f) = -s - f - 11 + 19. Let h be r(-9). Calculate the highest common divisor of 32 and h.
4
Let f(q) = q + 5. Let g be f(4). Suppose g*j - 7*j = 54. What is the highest common divisor of 6 and j?
3
Suppose 0 = -3*v - 4*t + 50, v - 2*t = -0 + 10. Calculate the greatest common divisor of v and 8.
2
Let a be (0 + 164/(-4))*(-7)/7. What is the greatest common factor of 123 and a?
41
Suppose 0 = -4*u + 1 + 3. Let j = u + -7. Let g be (-2)/6*(-69 - j). What is the greatest common divisor of g and 63?
21
Let p be 2/(-12)*-3*14. Suppose -36 = -p*h + 27. Calculate the highest common divisor of h and 6.
3
Let t be (-1 - -4)/((-33)/(-22)). Suppose q = 3*h - 10, -t*h - 2*q - 2 = h. Suppose 0 = h*a + 2*a - 8. What is the greatest common divisor of a and 16?
2
Let k(l) = 3*l**2 - l + 4. Let m be k(-4). Let o = 30 - m. Let x = o - -44. What is the greatest common factor of x and 27?
9
Let v(s) = 1 - 4*s**2 + 52*s**3 - 50*s**3 - 3*s - 2*s. Let n be v(4). Let c = -10 + 40. What is the greatest common divisor of c and n?
15
Suppose -34*x + 30 = -24*x. Let h be 1*2 + (-5 - -5). Suppose -r - 21 = -h*r. Calculate the highest common divisor of x and r.
3
Let z = -1955 - -1971. What is the highest common factor of 88 and z?
8
Let g = -15 + 17. Suppose -g*l - v + 91 = 0, 4*l + v = 6*v + 217. Suppose o + 48 = 3*o. What is the highest common factor of o and l?
24
Suppose -7*o - 23*o + 8880 = 0. What is the greatest common divisor of o and 8?
8
Let b be (24/(-36))/(6/(-1215)). Calculate the greatest common divisor of b and 45.
45
Suppose 0*d + 5*d - 10 = 0. Suppose -4*x = -4*r, d*x = -5*r - 18 + 53. What is the highest common divisor of r and 25?
5
Suppose 4*j = -5*m - 9, -2*j - 1 = -j. Let n = 16 - m. What is the highest common factor of n and 119?
17
Let d(s) = s**3 - 2*s**2 + 5*s - 2. Let n be d(3). Let a = 31 - n. What is the greatest common factor of a and 63?
9
Let v be (176/(-10))/(124/(-1860)). What is the highest common factor of v and 726?
66
Let h be 11/(55/8)*3*10. Let o be ((-1)/1)/(8/(-96)). What is the greatest common factor of h and o?
12
Suppose 14*m = 11*m + 15. Suppose 2*v - 16 = 3*t - 372, -3*t = m*v - 370. What is the highest common divisor of 15 and t?
15
Let l = 13 + -17. Let s be (-11 - 1)/(l/(-6)). Let g = s - -48. Calculate the highest common factor of g and 10.
10
Let y = -29 - -44. Suppose 192 = 4*k + 2*f, -2*f + 55 = -3*k + 213. Suppose -k = 4*z - 9*z. Calculate the greatest common divisor of z and y.
5
Let y = 166 - 158. Suppose -2*x = -q + 3*x - 7, -x = -3. What is the highest common divisor of q and y?
8
Let g(n) = -26*n - 5. Let d(c) = 6 - 11 - c**2 - 9*c - 9*c**2 - c**3. Let o be d(-9). Let t be g(o). Calculate the greatest common factor of 25 and t.
25
Suppose -t + 2*m + 4 = 0, 0 = m - 3*m. Suppose -2*q = -t - 4. Suppose 0 = 2*r - 10 - q. What is the greatest common divisor of r and 28?
7
Suppose -3*a - 351 = -c, 142 = 3*c - 3*a - 923. What is the highest common divisor of c and 102?
51
Suppose -4 = 2*l - 34. Suppose 4*a - 4*v = 92, -107 = -5*a + 4*v + 4. Let b(d) = -d + 24. Let r be b(a). Calculate the highest common divisor of r and l.
5
Let w be 123/(-12)*((8 - 14) + 2). What is the highest common factor of w and 41?
41
Suppose -2359 = -18*q - 91. Suppose 0*r + 75 = -3*r - 2*g, -2*r + 2*g - 40 = 0. Let s = r + 37. What is the greatest common divisor of q and s?
14
Let r(y) be the first derivative of -2*y**2 - 6*y - 3. Let b be r(-3). Calculate the greatest common divisor of 48 and b.
6
Suppose 585 = 3*c + 531. What is the greatest common divisor of c and 1278?
18
Suppose v + h - 24 = 2*h, 5*h + 8 = v. Let q = v + -18. Suppose -5*u + 2*i = -106, 3*u - i + 22 = 85. Calculate the greatest common divisor of u and q.
10
Let s = 742 - 670. What is the greatest common divisor of s and 88?
8
Let v(i) = i**3 + 6*i**2 - 15*i + 5. Let w be v(-8). Let q be (3/(-2))/(9/(-12)). Let f = q - w. Calculate the highest common divisor of f and 45.
5
Let s be (-30)/(-21) + -1 + 8676/42. What is the highest common factor of 138 and s?
69
Let c = 1 - -9. Let u be c/1*28/5. Let a = 419 + -405. Calculate the highest common factor of a and u.
14
Let x be ((-22)/(-8))/(3/60). Suppose -4*j + 37 = -5*c, 4*j = -j - 3*c. Let t(k) = 7*k + 1. Let i be t(j). What is the highest common factor of x and i?
11
Suppose -955 + 2843 = 4*s. Calculate the greatest common factor of s and 177.
59
Suppose 4*r - 148 = -4*l, -38 - 6 = -2*r + 4*l. What is the highest common divisor of r and 352?
32
Suppose 7*l = 2*l + 15. Suppose 0*y - 43 = -l*y - w, -3*y - 3*w + 39 = 0. Let m = -11 + y. Calculate the highest common divisor of 36 and m.
4
Suppose 2*y = -2*y + 24. Let n be -9*(16/(-4) + y). Let t be 22/99 + (-176)/n. Calculate the highest common factor of t and 10.
10
Let t(c) be the third derivative of -109*c**4/24 + 5*c**3/2 + 2*c**2. Let r be t(-4). Calculate the highest common factor of 41 and r.
41
Let y = 847 + 1009. Calculate the highest common factor of y and 29.
29
Suppose 3*n = 4*c - 6, 3*n - n + 5*c - 19 = 0. Suppose -56 = -0*b - n*b - 4*a, b = -3*a + 28. What is the highest common factor of 28 and b?
28
Suppose -68*a = -58*a - 1280. What is the highest common factor of a and 160?
32
Suppose -3*q + 8 = -q. Suppose -q*n - 6 = -38. What is the greatest common divisor of 72 and n?
8
Let s be (0 + 1)*(5 - 5). Suppose -4*z - 3*l = -44, 4*l = -s*z - 5*z + 56. What is the highest common divisor of z and 72?
8
Suppose 15*l = 12*l + 12. Suppose -3*s = 2*q - 126, q = l*q - 9. What is the greatest common divisor of s and 8?
8
Let j be (18840/(-160))/(-1*1/4). Calculate the highest common factor of j and 3.
3
Suppose 2*r - 2*u = r + 32, 36 = r - u. Let c be (1/3)/(3/36). Let s be (-2 - -3) + c - 0. Calculate the highest common factor of r and s.
5
Let l(q) = -43*q + 8. Let k be l(-8). Suppose -4*u - 166 = -f, k = -f + 3*f - 3*u. Let x be f/6 + (-5)/15. Calculate the greatest common divisor of 6 and x.
6
Suppose -17 = -4*p + 5*p. Let r = p + 41. What is the greatest common divisor of 24 and r?
24
Let l be ((-2)/(-3))/(284/(-141) + 2). Let d = 56 + l. What is the highest common divisor of d and 81?
9
Let i = 11 + 14. Let s = -406 - 151. Let q = -282 - s. What is the highest common factor of i and q?
25
Let s be ((-66)/55)/((-5)/1325). Calculate the greatest common divisor of 12 and s.
6
Let i(d) = -d**3 + 8*d**2 + 14*d - 6. Suppose 2*x = -n - 0 + 1, -5*x + 25 = 5*n. Let o be i(n). Calculate the highest common factor of o and 39.
39
Suppose -12*l - 880 = -23*l. Let v be -5*(1 - 1 - 4). Let k = l + v. Calculate the greatest common divisor of k and 40.
20
Suppose q = 2*q + 1, 4*u + 49 = -q. Let h be ((-9)/6)/((-24)/(-736)). Let d = u - h. Calculate the greatest common factor of d and 102.
34
Suppose 0 = -2*w + 3*j - 7, 3*w = -3*j + 2 - 5. Let n(q) = -5*q - 3. Let g be n(w). Suppose -r + 3 = -g. What is the greatest common divisor of r and 20?
10
Let z(o) = -o**2 + 12*o. Let n be z(1). What is the highest common factor of 55 and n?
11
Let x be 2/(-4) - -1 - 1155/(-154). Let y be (-8)/(14/(-4) - -3). What is the greatest common divisor of y and x?
8
Let d(c) = 3*c**2 - 28*c - 51. Let h be d(13). Calculate the greatest common factor of 874 and h.
46
Let b be (-9 - 0) + 5 + -2. Let i be 0 + 82*(b/(-4))/3. Calculate the greatest common factor of i and 369.
41
Let g be (-7)/9 + 8/(-36). Let a = -13 - g. Let i = -6 - a. Calculate the highest common factor of 15 and i.
3
Let k = -50 + 33. Let t = 21 + k. Suppose 3*x - 2*o = 102, -x - 3*x + 156 = t*o. What is the greatest common factor of 18 and x?
18
Let n be -10 + (5 - -3) + (18 - 1). Let h be -2 + (49 + -2)*1. Calculate the highest common divisor of n and h.
15
Suppose 5*i = -2*f + 159, 2*i + 2 = 4. What is the highest common factor of f and 7?
7
Suppose 258 = 2*o + 88. Calculate the highest common factor of o and 85.
85
Suppose -2*h + 32 = 48. Let i be h/2*1*(-42)/4. What is the greatest common divisor of i and 105?
21
Suppose -i - 5*z = -9*z - 132, i - 13